{"id":1581,"date":"2015-09-17T08:46:37","date_gmt":"2015-09-17T08:46:37","guid":{"rendered":"http:\/\/kleiner-ritter-der-unbefleckten.de\/?page_id=1581"},"modified":"2015-09-17T08:46:37","modified_gmt":"2015-09-17T08:46:37","slug":"spiele","status":"publish","type":"page","link":"https:\/\/kleiner-ritter-der-unbefleckten.de\/?page_id=1581","title":{"rendered":"Spiele"},"content":{"rendered":"<p><strong>Spiele mit einem Ball<\/strong><br \/>\n<strong>Materialien:<\/strong> ein Ball<br \/>\n<strong>Mitspieler:<\/strong> beliebig<\/p>\n<p>Der Ball wird in beliebiger Reihenfolge von einem Kind zum anderen geworfen. Dabei nennt jedes Kind, bevor es den Ball weitergibt, einen Vornamen. Die Namen werden nach dem Alphabet genannt. Beim ersten Wurf also einen Namen mit A, beim zweiten mit B\u2026 usw.<br \/>\nNat\u00fcrlich muss man bei dem Spiel nicht Vornamen nehmen, die man nennt, es geht auch mit:<br \/>\n\u2022 Fr\u00fcchte<br \/>\n\u2022 St\u00e4dte<br \/>\n\u2022 Tiere<br \/>\n\u2022 \u2026\u2026..<\/p>\n<p>&#8212;&#8212;&#8212;&#8212;&#8212;&#8212;&#8212;&#8212;&#8212;&#8212;&#8212;&#8212;&#8212;&#8212;&#8212;&#8212;&#8212;&#8212;&#8212;&#8212;&#8212;&#8212;&#8212;&#8212;&#8212;&#8212;&#8212;&#8212;&#8212;&#8212;&#8212;&#8212;&#8212;&#8212;&#8212;&#8212;&#8211;<\/p>\n<p><strong>Ein Spiel am Tisch<\/strong><br \/>\n<strong>Materialien:<\/strong> ein Geldst\u00fcck eine Heiligenlegende, die Bibel oder \u00e4hnliches<br \/>\n<strong>Mitspieler:\u00a0<\/strong>\u00a0\u00a0 3 &#8211; beliebig<\/p>\n<p>Jeweils zwei Kinder sitzen sich mit den Armen hinter dem R\u00fccken gegen\u00fcber an einem Tisch. In der Mitte des Tisches wird ein Geldst\u00fcck gelegt. Der Spielf\u00fchrer beginnt nun eine Geschichte (z.B. aus einer Heiligenlegende) zu erz\u00e4hlen. Bei einem bestimmten Wort, das vorher ausgemacht wird, greift nun jedes Kind zu dem Geldst\u00fcck, um es zu sich zu ziehen.<br \/>\nSpielen mehr Kinder mit, dann spielt man in Gruppen, Die Gruppe, die zum Schluss die meisten Geldst\u00fccke hat, hat gewonnen.<\/p>\n<p>&#8212;&#8212;&#8212;&#8212;&#8212;&#8212;&#8212;&#8212;&#8212;&#8212;&#8212;&#8212;&#8212;&#8212;&#8212;&#8212;&#8212;&#8212;&#8212;&#8212;&#8212;&#8212;&#8212;&#8212;&#8212;&#8212;&#8212;&#8212;&#8212;&#8212;&#8212;&#8212;&#8212;&#8212;&#8212;&#8212;&#8212;-<\/p>\n<p><strong>Ged\u00e4chtnisspiele<\/strong><br \/>\n<strong>Materialien:<\/strong> 7 Gegenst\u00e4nde<br \/>\n<strong>Mitspieler:<\/strong>\u00a0\u00a0\u00a0 beliebig<\/p>\n<p>Sieben Gegenst\u00e4nde werden nebeneinander gelegt. Ein Mitspieler verl\u00e4sst den Raum.<br \/>\n<strong>Variante 1:<\/strong><br \/>\nIn der Zwischenzeit wird ein Gegenstand weggenommen. Dann wird der Mitspieler wieder hereingerufen. Er soll nun erraten, was fehlt.<br \/>\n<strong>Variante 2:<\/strong><br \/>\nDie Gegenst\u00e4nde werden in einer anderen Reihenfolge gelegt. Der Mitspieler soll die Gegenst\u00e4nde nun wieder richtig sortieren.<\/p>\n<p>(Bei den Gegenst\u00e4nden kann es sich um ganz verschiedene Sachen handeln, z.B.<br \/>\n&#8211; Stift, Schere, Klebstoff, Radierer, Anspitzer, Lineal, Heft<br \/>\n&#8211; Kastanie, Eichel, Blatt vom Baum, Stein, Zweig\u2026<br \/>\n&#8211; Bibel, Heiligenlexikon, Rosenkranz, Medaille, Kreuz, Statue, Kerze<br \/>\n&#8211; Nagel, Hammer, Zange, Schraubenzieher, Schraube\u2026<br \/>\n&#8211; Apfel, Banane, Weintraube, Pfirsich, Birne, Banane, Kiwi<br \/>\n&#8211; Paprika, Gurke, Tomate\u2026<\/p>\n<p>Sollte man Obst oder Gem\u00fcse verwenden, gibt es im Anschluss gleich das n\u00e4chste Spiel.<\/p>\n<p>&#8212;&#8212;&#8212;&#8212;&#8212;&#8212;&#8212;&#8212;&#8212;&#8212;&#8212;&#8212;&#8212;&#8212;&#8212;&#8212;&#8212;&#8212;&#8212;&#8212;&#8212;&#8212;&#8212;&#8212;&#8212;&#8212;&#8212;&#8212;&#8212;<br \/>\n<strong>Geschmacksspiel<\/strong><br \/>\nDas Obst wird zerschnitten. Einem Kind werden die Augen verbunden und ein St\u00fcck davon in den Mund gegeben. Das Kind err\u00e4t nun, was es gerade isst. Dabei ist es wichtig vorher zu erfragen, ob das Kind alles essen darf oder auch bestimmte Dinge \u00fcberhaupt nicht mag.<\/p>\n","protected":false},"excerpt":{"rendered":"<p>Spiele mit einem Ball Materialien: ein Ball Mitspieler: beliebig Der Ball wird in beliebiger Reihenfolge von einem Kind zum anderen geworfen. Dabei nennt jedes Kind, bevor es den Ball weitergibt, einen Vornamen. Die Namen werden nach dem Alphabet genannt. Beim &hellip; <a href=\"https:\/\/kleiner-ritter-der-unbefleckten.de\/?page_id=1581\">Weiterlesen <span class=\"meta-nav\">&rarr;<\/span><\/a><\/p>\n","protected":false},"author":3,"featured_media":0,"parent":0,"menu_order":0,"comment_status":"closed","ping_status":"closed","template":"","meta":{"footnotes":""},"class_list":["post-1581","page","type-page","status-publish","hentry"],"_links":{"self":[{"href":"https:\/\/kleiner-ritter-der-unbefleckten.de\/index.php?rest_route=\/wp\/v2\/pages\/1581","targetHints":{"allow":["GET"]}}],"collection":[{"href":"https:\/\/kleiner-ritter-der-unbefleckten.de\/index.php?rest_route=\/wp\/v2\/pages"}],"about":[{"href":"https:\/\/kleiner-ritter-der-unbefleckten.de\/index.php?rest_route=\/wp\/v2\/types\/page"}],"author":[{"embeddable":true,"href":"https:\/\/kleiner-ritter-der-unbefleckten.de\/index.php?rest_route=\/wp\/v2\/users\/3"}],"replies":[{"embeddable":true,"href":"https:\/\/kleiner-ritter-der-unbefleckten.de\/index.php?rest_route=%2Fwp%2Fv2%2Fcomments&post=1581"}],"version-history":[{"count":2,"href":"https:\/\/kleiner-ritter-der-unbefleckten.de\/index.php?rest_route=\/wp\/v2\/pages\/1581\/revisions"}],"predecessor-version":[{"id":1584,"href":"https:\/\/kleiner-ritter-der-unbefleckten.de\/index.php?rest_route=\/wp\/v2\/pages\/1581\/revisions\/1584"}],"wp:attachment":[{"href":"https:\/\/kleiner-ritter-der-unbefleckten.de\/index.php?rest_route=%2Fwp%2Fv2%2Fmedia&parent=1581"}],"curies":[{"name":"wp","href":"https:\/\/api.w.org\/{rel}","templated":true}]}}