{"id":2477,"date":"2019-05-28T08:41:22","date_gmt":"2019-05-28T08:41:22","guid":{"rendered":"http:\/\/kleiner-ritter-der-unbefleckten.de\/?page_id=2477"},"modified":"2023-04-18T12:07:07","modified_gmt":"2023-04-18T12:07:07","slug":"geschichten","status":"publish","type":"page","link":"https:\/\/kleiner-ritter-der-unbefleckten.de\/?page_id=2477","title":{"rendered":"Geschichten"},"content":{"rendered":"\n<p>In der n\u00e4chsten Zeit ver\u00f6ffentlichen wir hier religi\u00f6se Geschichten f\u00fcr Kinder. Falls uns jemand  Geschichten zur Verf\u00fcgung stellen m\u00f6chten, die wir dann hier ver\u00f6ffentlichen d\u00fcrfen, dann schreibt uns gerne an.<\/p>\n\n\n\n<ul class=\"wp-block-list\">\n<li><a href=\"https:\/\/kleiner-ritter-der-unbefleckten.de\/wp-content\/uploads\/2019\/05\/Ameise-und-Heuschrecke.pdf\">Ameise und Heuschrecke<\/a><\/li>\n\n\n\n<li><a href=\"https:\/\/kleiner-ritter-der-unbefleckten.de\/wp-content\/uploads\/2019\/05\/Opfer-f\u00fcr-den-Glauben-Geschichte.pdf\">Opfer fuer den Glauben<\/a><\/li>\n\n\n\n<li><a href=\"https:\/\/kleiner-ritter-der-unbefleckten.de\/wp-content\/uploads\/2019\/05\/Von-dem-Koenig-der-Gott-sehen-wollte.pdf\">Von dem K\u00f6nig, der Gott sehen wollte<\/a><\/li>\n\n\n\n<li><a href=\"https:\/\/kleiner-ritter-der-unbefleckten.de\/wp-content\/uploads\/2019\/05\/Der-schoene-Baum.pdf\">Der schoene Baum<\/a><\/li>\n\n\n\n<li><a href=\"https:\/\/kleiner-ritter-der-unbefleckten.de\/wp-content\/uploads\/2019\/06\/Ein-besonderer-Adventskalender.pdf\">Ein besonderer Adventskalender<\/a><\/li>\n\n\n\n<li><a href=\"https:\/\/kleiner-ritter-der-unbefleckten.de\/wp-content\/uploads\/2019\/06\/Aschermittwoch-Geschichte.pdf\">Aschermittwoch<\/a><\/li>\n\n\n\n<li><a href=\"https:\/\/kleiner-ritter-der-unbefleckten.de\/wp-content\/uploads\/2019\/06\/Der-Unfall-mit-dem-Esel-Geschichte.pdf\">Der Unfall mit dem Esel<\/a><\/li>\n\n\n\n<li><a href=\"https:\/\/kleiner-ritter-der-unbefleckten.de\/wp-content\/uploads\/2019\/06\/Die-Wahrheit-befreit-Geschichte.pdf\">Die Wahrheit befreit<\/a><\/li>\n\n\n\n<li><a href=\"https:\/\/kleiner-ritter-der-unbefleckten.de\/wp-content\/uploads\/2019\/06\/Zwei-mit-Namen-Pierre-Geschichte.pdf\">Zwei mit Namen Pierre<\/a><\/li>\n\n\n\n<li><a href=\"https:\/\/kleiner-ritter-der-unbefleckten.de\/wp-content\/uploads\/2019\/06\/Der-alte-Mann-und-das-Haus.pdf\">Der alte Mann und das Haus<\/a><\/li>\n\n\n\n<li><a href=\"https:\/\/kleiner-ritter-der-unbefleckten.de\/wp-content\/uploads\/2019\/06\/Miteinander-teilen.pdf\">Miteinander teilen<\/a><\/li>\n\n\n\n<li><a href=\"https:\/\/kleiner-ritter-der-unbefleckten.de\/wp-content\/uploads\/2019\/06\/Die-Welt-in-Ordnung-bringen.pdf\">Die Welt in Ordnung bringen<\/a><\/li>\n\n\n\n<li><a href=\"https:\/\/kleiner-ritter-der-unbefleckten.de\/wp-content\/uploads\/2019\/06\/Bernhard-Heinrich-Overberg.pdf\">Bernhard Heinrich Overberg<\/a><\/li>\n\n\n\n<li><a href=\"https:\/\/kleiner-ritter-der-unbefleckten.de\/wp-content\/uploads\/2019\/06\/Varenka.pdf\">Varenka<\/a><\/li>\n\n\n\n<li><a href=\"https:\/\/kleiner-ritter-der-unbefleckten.de\/wp-content\/uploads\/2019\/06\/Jesus-im-Herzen-gefunden.pdf\">Jesus im Herzen gefunden<\/a><\/li>\n\n\n\n<li><a href=\"https:\/\/kleiner-ritter-der-unbefleckten.de\/wp-content\/uploads\/2019\/05\/LOrchen-das-Waisenkind-Geschichte.pdf\">Lorchen das Waisenkind<\/a><\/li>\n\n\n\n<li><a href=\"https:\/\/kleiner-ritter-der-unbefleckten.de\/wp-content\/uploads\/2023\/04\/Die-10-Schluessel.pdf\">Die 10 Schluessel<\/a><\/li>\n<\/ul>\n\n\n\n<p><\/p>\n","protected":false},"excerpt":{"rendered":"<p>In der n\u00e4chsten Zeit ver\u00f6ffentlichen wir hier religi\u00f6se Geschichten f\u00fcr Kinder. Falls uns jemand Geschichten zur Verf\u00fcgung stellen m\u00f6chten, die wir dann hier ver\u00f6ffentlichen d\u00fcrfen, dann schreibt uns gerne an.<\/p>\n","protected":false},"author":3,"featured_media":0,"parent":0,"menu_order":0,"comment_status":"closed","ping_status":"closed","template":"","meta":{"footnotes":""},"class_list":["post-2477","page","type-page","status-publish","hentry"],"_links":{"self":[{"href":"https:\/\/kleiner-ritter-der-unbefleckten.de\/index.php?rest_route=\/wp\/v2\/pages\/2477","targetHints":{"allow":["GET"]}}],"collection":[{"href":"https:\/\/kleiner-ritter-der-unbefleckten.de\/index.php?rest_route=\/wp\/v2\/pages"}],"about":[{"href":"https:\/\/kleiner-ritter-der-unbefleckten.de\/index.php?rest_route=\/wp\/v2\/types\/page"}],"author":[{"embeddable":true,"href":"https:\/\/kleiner-ritter-der-unbefleckten.de\/index.php?rest_route=\/wp\/v2\/users\/3"}],"replies":[{"embeddable":true,"href":"https:\/\/kleiner-ritter-der-unbefleckten.de\/index.php?rest_route=%2Fwp%2Fv2%2Fcomments&post=2477"}],"version-history":[{"count":8,"href":"https:\/\/kleiner-ritter-der-unbefleckten.de\/index.php?rest_route=\/wp\/v2\/pages\/2477\/revisions"}],"predecessor-version":[{"id":3426,"href":"https:\/\/kleiner-ritter-der-unbefleckten.de\/index.php?rest_route=\/wp\/v2\/pages\/2477\/revisions\/3426"}],"wp:attachment":[{"href":"https:\/\/kleiner-ritter-der-unbefleckten.de\/index.php?rest_route=%2Fwp%2Fv2%2Fmedia&parent=2477"}],"curies":[{"name":"wp","href":"https:\/\/api.w.org\/{rel}","templated":true}]}}

<p>In der nächsten Zeit veröffentlichen wir hier religiöse Geschichten für Kinder. Falls uns jemand  Geschichten zur Verfügung stellen möchten, die wir dann hier veröffentlichen dürfen, dann schreibt uns gerne an.</p>



<ul class="wp-block-list">
<li><a href="https://kleiner-ritter-der-unbefleckten.de/wp-content/uploads/2019/05/Ameise-und-Heuschrecke.pdf">Ameise und Heuschrecke</a></li>



<li><a href="https://kleiner-ritter-der-unbefleckten.de/wp-content/uploads/2019/05/Opfer-für-den-Glauben-Geschichte.pdf">Opfer fuer den Glauben</a></li>



<li><a href="https://kleiner-ritter-der-unbefleckten.de/wp-content/uploads/2019/05/Von-dem-Koenig-der-Gott-sehen-wollte.pdf">Von dem König, der Gott sehen wollte</a></li>



<li><a href="https://kleiner-ritter-der-unbefleckten.de/wp-content/uploads/2019/05/Der-schoene-Baum.pdf">Der schoene Baum</a></li>



<li><a href="https://kleiner-ritter-der-unbefleckten.de/wp-content/uploads/2019/06/Ein-besonderer-Adventskalender.pdf">Ein besonderer Adventskalender</a></li>



<li><a href="https://kleiner-ritter-der-unbefleckten.de/wp-content/uploads/2019/06/Aschermittwoch-Geschichte.pdf">Aschermittwoch</a></li>



<li><a href="https://kleiner-ritter-der-unbefleckten.de/wp-content/uploads/2019/06/Der-Unfall-mit-dem-Esel-Geschichte.pdf">Der Unfall mit dem Esel</a></li>



<li><a href="https://kleiner-ritter-der-unbefleckten.de/wp-content/uploads/2019/06/Die-Wahrheit-befreit-Geschichte.pdf">Die Wahrheit befreit</a></li>



<li><a href="https://kleiner-ritter-der-unbefleckten.de/wp-content/uploads/2019/06/Zwei-mit-Namen-Pierre-Geschichte.pdf">Zwei mit Namen Pierre</a></li>



<li><a href="https://kleiner-ritter-der-unbefleckten.de/wp-content/uploads/2019/06/Der-alte-Mann-und-das-Haus.pdf">Der alte Mann und das Haus</a></li>



<li><a href="https://kleiner-ritter-der-unbefleckten.de/wp-content/uploads/2019/06/Miteinander-teilen.pdf">Miteinander teilen</a></li>



<li><a href="https://kleiner-ritter-der-unbefleckten.de/wp-content/uploads/2019/06/Die-Welt-in-Ordnung-bringen.pdf">Die Welt in Ordnung bringen</a></li>



<li><a href="https://kleiner-ritter-der-unbefleckten.de/wp-content/uploads/2019/06/Bernhard-Heinrich-Overberg.pdf">Bernhard Heinrich Overberg</a></li>



<li><a href="https://kleiner-ritter-der-unbefleckten.de/wp-content/uploads/2019/06/Varenka.pdf">Varenka</a></li>



<li><a href="https://kleiner-ritter-der-unbefleckten.de/wp-content/uploads/2019/06/Jesus-im-Herzen-gefunden.pdf">Jesus im Herzen gefunden</a></li>



<li><a href="https://kleiner-ritter-der-unbefleckten.de/wp-content/uploads/2019/05/LOrchen-das-Waisenkind-Geschichte.pdf">Lorchen das Waisenkind</a></li>



<li><a href="https://kleiner-ritter-der-unbefleckten.de/wp-content/uploads/2023/04/Die-10-Schluessel.pdf">Die 10 Schluessel</a></li>
</ul>



<p></p>

<p>In der nächsten Zeit veröffentlichen wir hier religiöse Geschichten für Kinder. Falls uns jemand Geschichten zur Verfügung stellen möchten, die wir dann hier veröffentlichen dürfen, dann schreibt uns gerne an.</p>
